-n**2 - 125*n + 363. Let c be q(3). Let v(u) = -2*u - 20. What is v(c)?
22
Suppose -172 = -4*q + j + 40, 0 = -4*q + 5*j + 180. Let p(u) = -5*u**2 + 277*u - 111. Determine p(q).
-1
Let h(j) = -j**3 - 28*j**2 - 194*j + 8. Let y be h(-14). Let p(f) = f**3 + 20*f**2 + f + 26. What is p(y)?
6
Suppose 4*o = -2*u + 30, 3*u - 14 = 3*o - 5. Let x(n) = u*n - 5*n - 6*n + 14 - 7*n - n**2. Calculate x(-13).
-12
Let u(o) = 11*o + 3*o**2 + 15*o**2 + 8*o + 13*o. Let a(q) = q**2 + 2*q. Let v(r) = 48*a(r) - 3*u(r). Calculate v(-2).
-24
Let z(s) = 2*s**2 - 2*s - 3. Let j be (-10)/(8/(-7 + 3)). Suppose -4*u + 36 = 4*d, 3*d + d + j*u - 40 = 0. Suppose r - 7 = -f, 2*f + d*r = 7 + 19. What is z(f)?
9
Let u(b) = 11*b + 22. Let p = 24201 + -24203. Determine u(p).
0
Let l(u) = u**3 + 34*u**2 - u - 5. Let m be l(-34). Let s(r) = m*r - 1 - 9*r + 8*r**2 - 19*r. Calculate s(1).
8
Let y = 8143 - 8132. Let l(o) = -o**2 + 15*o - 39. What is l(y)?
5
Let v(m) = -2*m**2 - m + 1. Let q be v(2). Let l(j) = j + 3. Let t(o) = 5*o + 12. Let d(k) = q*l(k) + 2*t(k). Let x = 406 - 402. Determine d(x).
1
Let l be 12/36 + (-38)/6. Let i(p) = -1. Let m(d) = d + 1. Let y(r) = l*i(r) - m(r). Let n(z) = z + 6. Let j be n(-2). What is y(j)?
1
Let c(g) = -1 + 8*g + 3*g + g**2 - 3*g. Let n be c(-8). Let h(p) = 57*p + 0*p**3 - 27*p - 28*p - 2*p**3 + 1. What is h(n)?
1
Let s(z) = -3*z**3 - 4*z**2 + 3*z - 74. Let i(u) = -2*u**3 - 3*u**2 + 2*u - 47. Let y(b) = -14*i(b) + 9*s(b). Calculate y(-6).
-2
Let s(d) be the first derivative of -46 - 1/2*d**2 - 3*d. Give s(7).
-10
Suppose -2*y - 8 = 5*t - 0*y, 3*t - y - 4 = 0. Let q(p) = -p - 7. Let l be q(t). Let f(j) = -j**3 + 8 - 8*j - 7 - 8*j**2 - 9. Give f(l).
-1
Let h(t) = -2*t - 2 + 13*t**2 - 7*t**2 - 3*t**2 - 3 + 4. Suppose 0 = -2*j + 25 + 11. Let d = 17 - j. Determine h(d).
4
Let y(c) = -c**3 + 12*c**2 - 8*c - 3. Let i be y(10). Let q = i + -113. Let n(x) = x - 7. Determine n(q).
-3
Let j be (-5910)/54 - 8/(-18). Let i = 114 + j. Let h(c) = c**2 - 3*c - 10. Calculate h(i).
0
Let l = 6813 + -6804. Let b(j) = -5*j + 4. Determine b(l).
-41
Let a(c) = -130*c**2 + 122*c**2 + 3*c - 17*c - 1 + 6*c + c**3. Let i = 16 + -7. What is a(i)?
8
Let b(f) = 4*f**3 - f**2 + 1. Let t be b(1). Let d(s) be the third derivative of 1/24*s**4 + 0*s + 0 + 0*s**3 - 80*s**2. Give d(t).
4
Let d(t) be the first derivative of 3*t**2/2 + 14*t + 22834. Suppose 3*a - r = -15, 0 = -4*a + 2*r - 18. Give d(a).
-4
Let u(k) be the third derivative of k**5/60 - 3*k**4/4 - 4*k**3/3 + k**2 + 3070*k. What is u(7)?
-85
Let t(h) be the second derivative of -17*h + 7/12*h**4 - 7/2*h**2 + 3/2*h**3 - 1/20*h**5 + 0. Suppose 0*n - 3*n = -3*y - 21, -5*n - 3*y = -43. Determine t(n).
1
Let n(u) = 10*u + 35. Let o(h) = 8*h + 37. Let j(q) = -4*n(q) + 3*o(q). Determine j(-6).
67
Let j(u) = 2*u**3 + 68*u**2 + 31*u - 13. Let k(o) = -o**3 - 37*o**2 - 15*o + 6. Let i(p) = 3*j(p) + 5*k(p). What is i(-18)?
-9
Let t(y) = y**3 - 8*y**2 - 10*y - 4. Let r(g) = -15*g**2 + 135*g - 7 + 131*g - 284*g + 2*g**3. Let v(q) = -4*r(q) + 7*t(q). What is v(4)?
8
Let c(s) = 5*s - 3. Suppose -2 = r - 10. Suppose r*m = -42 + 114. Suppose 4*y - 13 = -o, 0 = -2*y + 2*o + m + 5. What is c(y)?
17
Suppose 3*w - 45 = -5*j, 4*j + 0*w = w + 36. Suppose a + 2*a + j = 0. Let o(i) = 0*i**3 + 155 - 157 - 392*i - 3*i**2 + 390*i - i**3 - i**2. Determine o(a).
-5
Let k(g) be the second derivative of g**4/12 + 35*g**3/6 + 58*g**2 + 7175*g. Calculate k(-4).
-8
Let g = 42 - 11. Suppose -7 + g = 4*y. Let n(k) = 2*k**3 + 6*k - 1. Let o(v) = 7*v**3 - 7*v**2 + 23*v + 5. Let x(j) = -3*n(j) + o(j). What is x(y)?
2
Suppose 0 = -5*b - 5*w + 20, -3*w = -2*b + 26 + 2. Let o(m) = -3*m**2 - 1 + 133*m + 9*m**3 - b*m**3 - 136*m. Determine o(4).
3
Let r be -1*(11/(77/21) + -4). Let m(d) = -48*d**3 + d**2 - d. Give m(r).
-48
Suppose 0 = 2*c - 3*d + 5 - 13, 4*c - 36 = -4*d. Let m be 155/9 + 8/(-36). Let l(s) = -15 + 38 - m + s. Calculate l(c).
13
Suppose -3*p + 4*h = 3*h + 154, 0 = 4*p - 5*h + 209. Let u = 56 + p. Let g(n) = -u + 0 - n - 7. Give g(-9).
-3
Let u(f) = 20*f + 36. Let p(g) = 9*g + 18. Let n = 464 + -468. Let y(i) = n*u(i) + 9*p(i). Calculate y(-10).
8
Let o(k) be the first derivative of -k**4/4 + k**3 + 3*k**2 - 4*k + 357. Suppose 0 = 3*n - 5*c, 0 = 5*n - 5*c + 6 - 16. Calculate o(n).
-24
Suppose 3*u + 28 = 5*k, -5*u = -k + 2*k. Let l(q) be the second derivative of q**3/6 - 3*q**2 - 45*q + 16. Give l(k).
-1
Let d(q) = -6*q + 137. Let u be d(18). Suppose -56 = y - 5*y - 3*s, 0 = -y - 4*s + 27. Let a(l) = -u*l + 20*l + y*l. Determine a(2).
4
Let i(h) = -h**3 + h. Let m(k) = 3*k**3 - 8*k**2 - 4*k + 5. Let u(j) = 4*i(j) + m(j). Suppose 3*g + 2*t + 534 - 514 = 0, 3*g - t = -26. Determine u(g).
5
Suppose -691*i + 704*i - 4 = 22. Let q(n) = -10*n + 5. Give q(i).
-15
Let p(x) = -3*x + 70*x**2 - 21*x**2 - 20*x**2 + 0*x - x**3 - 17*x**2 - 20 - 17*x**2. Let v(g) = g**2 + 5*g + 1. Let f be v(-2). Calculate p(f).
-5
Let g(m) = m**3 - m**2 - 9*m - 3. Let l = 57 + -53. Let y be g(l). Suppose 3*z + y = -3*d, 3*d + 11 = 2*z - 4*z. Let r(t) = t**2 + 2*t - 6. What is r(d)?
9
Suppose 9*d - 20 = -5*g + 13*d, -3*g = -d - 19. Suppose p + g*p + 45 = 0. Let a(b) = b**2 + 6*b + 3. Calculate a(p).
-2
Suppose -19*c + 12*c + 28 = 21*c. Let p(a) = 19*a - 9. Give p(c).
10
Let c(l) = 1319*l - 330*l - 45 - 330*l - 325*l - 329*l. Suppose 0 = -5*a + 56 - 6. Determine c(a).
5
Let t(q) be the second derivative of 1/20*q**5 + q - 22 + q**2 - 2*q**3 - 1/3*q**4. Determine t(6).
2
Let s(c) = -6*c + 3*c - 2 + 2*c**2 - 2. Let a = 178 + -115. Let g be ((-3)/(a/7))/((-2)/18). Calculate s(g).
5
Let q = -6 - -1. Let g(b) = 3*b**2 - 34946903*b - 2*b**2 + 34946905*b - 4. Give g(q).
11
Let q(v) = 19*v**3 - 4*v**2 + 61 - 18*v**3 - 48. Determine q(3).
4
Let z(l) = 9*l**3 - 211*l**2 - 56*l - 263. Let s(w) = w**3 - 25*w**2 - 7*w - 33. Let a(d) = 17*s(d) - 2*z(d). Give a(-4).
9
Let f(a) be the third derivative of -4*a**5/15 + 5*a**4/8 + a**3/2 + 4367*a**2. Determine f(1).
2
Suppose -10*g - 5 = -2*g - 53. Let l(z) = -z**2 + 3*z + 15. Determine l(g).
-3
Let c(j) be the first derivative of 45*j**2/2 - 490*j + 4898. Determine c(11).
5
Let j(i) = -93*i - 288. Let m(h) = 47*h + 141. Let n(c) = 4*j(c) + 7*m(c). Determine n(-4).
7
Let h(v) = 7 - 30843*v**2 + 7*v + 30844*v**2 + 1. What is h(-6)?
2
Let o(g) = -1 - 13*g + 6*g + 2*g - 6*g**3 + 4*g. Let f = 1575 - 1576. What is o(f)?
6
Let k = -208 + 134. Let c = k + 76. Suppose -3*h + 12 = s + c*s, s + 2 = h. Let o(d) = -3*d**3 + 1. Give o(s).
-2
Let g(r) = 13*r**3 + 28*r**2 - 11*r + 3. Let n(p) = -53*p**3 - 113*p**2 + 45*p - 11. Let k(d) = -49*g(d) - 12*n(d). Determine k(-16).
1
Let x = 21 - 16. Suppose 3*f + 14 = -5*v, 3*v + 5 = -x*f + 3. Suppose 0 = 3*r + m + 7, -2*r + 22 = -5*r + f*m. Let g(l) = 3*l + 3. What is g(r)?
-9
Let u(y) = y**2 - 2*y - 12. Let r be u(-3). Let w be (0 + r)*(-70)/21. Let k(b) = -b**2 - 10*b. Determine k(w).
0
Let c(t) = -7*t**2 + 10*t + 10*t**2 - 16563 - 2*t**2 + 16447. Determine c(-17).
3
Let y = 2261 + -2266. Let g(t) = 30*t + 155. What is g(y)?
5
Let n(p) be the third derivative of 7*p**4/8 + 2*p**3/3 - 3907*p**2. Determine n(1).
25
Let p(k) be the third derivative of 2/3*k**4 + 1 - 1/5*k**5 + 4*k**2 + 5/2*k**3 - 1/120*k**6 + 0*k. Determine p(-13).
-24
Let x be 18/108 + (14/4)/7. Let k(w) be the first derivative of -w + 0*w**2 + 1/2*w**4 + x*w**3 - 12. Give k(-2).
-9
Let n(j) be the first derivative of j**5/60 - j**4/8 + j**3/6 - 85*j**2 - 186. Let m(s) be the second derivative of n(s). Calculate m(4).
5
Let w(y) be the second derivative of y**3/2 + y**2 + 187*y. Suppose -7*k - 8 = -9*k. Let o = -6 + k. Determine w(o).
-4
Let f be -2*(-3)/6*0. Let j(x) be the second derivative of -1/12*x**4 + 0 - 5*x**2 - 1/6*x**3 - 26*x. Determine j(f).
-10
Suppose 0 = -2*u - 3*u + 5, -f = 2*u - 7. Let s(x) = -2*x - 4*x + f*x - 1 + 3. Suppose 5*b = b + 12. What is s(b)?
-1
Let i(z) be the third derivative of 1/12*z**6 + 0*z**5 - 52*z**2 + 0 + 0*z + 0*z**3 + 0*z**4. Calculate i(1).
10
Let v(z) = -z**2 - 4*z - 1. Suppose 0 = a + a - 4*w - 18, 5*w + 20 = 2*a. Suppose -a*f = 20, 0*n = 3*n + 5*f - 10. Let x be 1/((-3)/n) + 24/72. Determine v(x).
2
Let k be (27 + -30)*692/(-3). Let b(f) = -12*f**2 - k*f**3 + 16 - f**2 + 693*f**3 + f - 27. What is b(13)